tor of 56 and b?
14
Let p(o) = 2*o**2 - 148*o + 291*o - 129*o - 30. Let u be p(-10). Suppose 0 = -n - 49 + 199. Calculate the highest common factor of n and u.
30
Let j(w) = 59*w**2 - 96*w + 515. Let m be j(5). Calculate the greatest common factor of m and 30.
10
Suppose -65*d + 30*d + 7105 = 0. Suppose -g = 2*v - 21, -5*g - 4*v + 39 = -90. Calculate the greatest common divisor of g and d.
29
Let m = 120 + -120. Suppose -4*t - 2*y - 3*y + 57 = m, 3 = 3*y. What is the highest common divisor of 299 and t?
13
Let r = -26043 - -26439. Calculate the greatest common divisor of r and 4884.
132
Suppose 0 = -0*n + 3*n - 15. Suppose 17 = n*z - 73. Let i be (-1)/1*(-28 - (-4 + 0)). What is the greatest common factor of i and z?
6
Let p(z) = -14*z + 2548 + 332*z - 2560. Let o be p(2). Calculate the greatest common factor of o and 13.
13
Suppose 0 = -2*f - 2*d + 4*d - 8, 0 = -4*f - 2*d + 14. Let x be ((-108)/(-45)*f)/(6/70). What is the highest common factor of 322 and x?
14
Let x be ((180 - 6) + 4)*(5/2 - 2). What is the highest common factor of x and 2225?
89
Let a = -28 + 32. Suppose a - 53 = -3*s - 5*b, -s = -5*b - 3. What is the greatest common divisor of 143 and s?
13
Let u be ((53 + 13)/(-22))/(362/(-120) - -3). What is the greatest common divisor of u and 243?
9
Let w = -33387 - -33497. Let x(j) = j**2 + j + 88. Let r be x(0). What is the highest common divisor of r and w?
22
Let g = -3251 - -3287. Calculate the greatest common divisor of 172 and g.
4
Let s(i) = -i**3 - 3*i**2 + i + 8. Let f be s(-3). Suppose 47 - 27 = f*l. Suppose -l*c = -2*c - 108. What is the greatest common factor of 81 and c?
27
Let x = 20 + -13. Let i be 3/x + 2*(-747)/(-42). Let u be (-4 - -13) + 4/((-12)/(-9)). Calculate the highest common factor of u and i.
12
Let w = 177 + -103. Suppose -j = -w - 24. What is the greatest common factor of 56 and j?
14
Let s(m) = -7*m**2 + 70*m - 208. Let p be s(3). Let z be (9/(-6))/((-2)/(-108)). Let c = p - z. What is the greatest common factor of 160 and c?
20
Suppose 26 + 166 = -12*m. Let z be -2 + (18/4)/(m/(-32)). Suppose 3*c - 9 = -3*p, -c = 5*p - 4*c - z. What is the greatest common factor of 22 and p?
2
Suppose 4*c + p + 3*p = 28, c + 4*p - 16 = 0. Suppose 0 = 2*g + 6*q - c*q - 30, -3*q - 35 = -5*g. What is the highest common factor of 10 and g?
10
Suppose 654*f = 17931 + 6921. Calculate the greatest common factor of 382 and f.
2
Let x(i) = 4*i + 30. Let w be x(-6). Let g be (-157*2)/(-1) + 124/31. Calculate the highest common factor of w and g.
6
Suppose 0 = -5*h + 762 + 418. Let i be -2 + 44/20 - h/(-20). Calculate the greatest common divisor of 144 and i.
12
Suppose -h + 4*t = 31, -2*t - 3*t + 25 = 0. Let p(x) = 6*x + 81. Let a be p(h). Let m be -6*-1*25/2. What is the highest common factor of m and a?
15
Let r be (5 - (96/10 + -4))*-5. Let a be ((-21)/(-2))/(r/104). Calculate the greatest common divisor of a and 52.
52
Let z be 5 - -73 - 700/(-100)*(-2)/7. What is the greatest common divisor of z and 5491?
19
Let k(l) = -2661*l - 8429. Let f be k(-5). Calculate the highest common divisor of f and 276.
92
Suppose 3*y + 2*w = 3561 - 1116, -4*y = -3*w - 3260. Suppose y = -a + 3*a + 3*t, -a + 3*t = -394. What is the greatest common divisor of a and 31?
31
Suppose -3*s - 2*s + 290 = 0. Suppose m = -i + 203, 3*i = 3*m + 956 - 347. Calculate the greatest common factor of i and s.
29
Suppose 65*b + 24960 = 275*b + 30*b. Let n = 6 - -7. Calculate the greatest common divisor of b and n.
13
Let a = -4 + -5. Let y be (0 - 1/(-2))/(a/(-918)). What is the highest common factor of y and 18?
3
Let c = 36161 + -35609. What is the highest common divisor of c and 888?
24
Suppose 4*c = -2*t + 274, -2*t - 6*c = -c - 275. Calculate the highest common factor of 3585 and t.
15
Suppose 0 = 2718*c - 2716*c - 108. What is the greatest common factor of 2241 and c?
27
Let x = -898 - -1794. Calculate the greatest common divisor of x and 14.
14
Suppose -2*b + 6*b - 92 = -4*t, -3*b - 2*t + 66 = 0. Let l = 9 - -9. Suppose k = 2*g + l, 0*k + 2*g = 5*k - 58. Calculate the greatest common factor of k and b.
10
Suppose 2*l - 131*f + 133*f - 132 = 0, 0 = 5*f + 45. Suppose -285 = -3*w - 2*w - 3*h, 0 = 3*w - 2*h - 190. Calculate the greatest common divisor of w and l.
15
Let h(c) = 61*c**2 - 6*c - 62*c**2 - 21 - 14*c - 18. Let d be h(-14). What is the highest common factor of 405 and d?
45
Let n be (6/12*0)/(0 - 1). Suppose -26 = -2*j - n*j. Suppose 0 = -4*x + j*x - 243. Calculate the highest common factor of x and 189.
27
Suppose -2*s + 10 = -18. Suppose -1091 = -3*a - m, 5*a - 4*m - 836 = 988. Calculate the highest common divisor of a and s.
14
Let d be (-2)/(-3) - (-402)/18. Let n be 9/3 + -5 + 0. Let u(w) = -27*w**3 - 3*w**2 - 2*w - 1. Let g be u(n). What is the highest common divisor of d and g?
23
Let v(u) = 5*u**3 - u**2 - u + 8. Let r be v(3). Let x = r + -119. What is the greatest common factor of x and 30?
6
Let z(w) = 4*w**2 - 2*w**2 - w**3 - 31*w**2 + 13*w**2. Let d be z(-16). Suppose 4*c - 28 = -d*c. What is the greatest common divisor of c and 7?
7
Let l be (-8877)/(-198) + 2/12. Suppose -l*p = -41*p - 52. Calculate the greatest common divisor of 65 and p.
13
Suppose 0 = 7*n - 5*n. Suppose -u = 3*u - 2*o - 1372, n = u - 4*o - 336. Suppose 0 = 8*t + 120 - u. What is the greatest common factor of 84 and t?
28
Suppose -n = 3*n - 12, 3*k + 2*n - 12 = 0. Let h = 5 + k. Suppose -2*a = -h*a + 45. Calculate the greatest common factor of a and 27.
9
Suppose -23*o - 305 = 109. Let v be 68*(-5 - 153/o). Calculate the greatest common divisor of 14 and v.
14
Suppose 0 = 2*u - 5*g + 246, -4*u - 124 = -5*g + 368. Let z be ((-36)/(-14))/(u/(-19516)). What is the highest common divisor of 12 and z?
12
Let r(u) = 38*u - 960. Let c be r(26). Suppose -4*v = -0*x - 2*x + 28, 0 = 5*x - v - 43. Let b = c - x. Calculate the highest common factor of 140 and b.
20
Suppose 39*b = -85*b + 35*b + 4946353. What is the highest common factor of 149 and b?
149
Suppose 85*l - 63*l = -84*l + 29574. Calculate the highest common factor of 36 and l.
9
Let w be ((-187)/51 + 3)/(0 - (-2)/(-948)). What is the greatest common divisor of 28 and w?
4
Suppose 2*z = -4*u + 68, 961 = -3*u - 3*z + 1015. Let q = 13 + -11. What is the highest common divisor of q and u?
2
Suppose -4*r = -4*k + 204, 0*r + 3*r = -3*k + 171. Let i = 25 - 25. Suppose -v + 2*v - 6 = i. Calculate the highest common factor of k and v.
6
Let c = 255 + -249. Suppose c*f - 3*f = -x + 212, 2*f = 4*x - 792. What is the greatest common divisor of x and 25?
25
Let b = -44888 - -44972. Let o = 3 + -1. Let v(k) = 8*k - 2. Let w be v(o). Calculate the highest common factor of b and w.
14
Let n(k) = -k**3 - 3. Let v be n(0). Let f(p) = -26*p - 11. Let m be f(v). Let q = m + 9. What is the highest common divisor of q and 19?
19
Let s(q) = q**3 - 33*q**2 - 36*q + 81. Suppose -i - 19 = -53. Let c be s(i). Calculate the highest common factor of c and 221.
13
Let b(s) be the second derivative of 5*s**4/12 - 27*s**3/2 + 11*s**2 + 7*s + 6. Let c be b(16). Calculate the highest common divisor of c and 246.
6
Suppose 36*g = 22*g. Suppose g = 4*c - 4, 13*c + 24 = 4*z + 9*c. What is the highest common divisor of 63 and z?
7
Let a be 8/6*150*16/(-10). Let t be (-12)/(-66) - (a/55 + -3). Calculate the highest common divisor of 99 and t.
9
Let i be 1315 + -5 + -3 + 2 + 3. Suppose 35*s = 3*s + i. What is the greatest common factor of 82 and s?
41
Let c(m) = -8*m + 54. Let r be c(5). Suppose 16*f + r*f - 3300 = 0. Calculate the highest common factor of 10 and f.
10
Let i be (121 - 3)/((-18)/153). Let l = -994 - i. Suppose -4*p - 51 - 38 = -u, 4*u - 4*p - 332 = 0. Calculate the greatest common divisor of l and u.
9
Let p(o) = o + 1. Let v(u) = -76. Let k(h) = 76*p(h) + v(h). Let w be k(2). What is the greatest common divisor of 8 and w?
8
Let w be 24/(-18) - (-368)/69. Let j(f) = f**2 - f + 2. Let r be j(-3). Calculate the highest common divisor of r and w.
2
Let p be (-17 + 10)*(-2)/((-28)/(-66)). What is the highest common factor of p and 32835?
33
Suppose 68*j = 19950 + 31050. Calculate the greatest common divisor of 18 and j.
6
Suppose -545*u = -590*u - 10409 + 88169. What is the highest common divisor of u and 16?
16
Suppose -10*p = 12*p + 116